[INFO] cloning repository https://github.com/JonathanGodar/RustHangman
[INFO] running `Command { std: "git" "-c" "credential.helper=" "-c" "credential.helper=/workspace/cargo-home/bin/git-credential-null" "clone" "--bare" "https://github.com/JonathanGodar/RustHangman" "/workspace/cache/git-repos/https%3A%2F%2Fgithub.com%2FJonathanGodar%2FRustHangman", kill_on_drop: false }`
[INFO] [stderr] Cloning into bare repository '/workspace/cache/git-repos/https%3A%2F%2Fgithub.com%2FJonathanGodar%2FRustHangman'...
[INFO] running `Command { std: "git" "rev-parse" "HEAD", kill_on_drop: false }`
[INFO] [stdout] 95cc46651a6d54c8fc3298ceeb253b0c38c8acac
[INFO] checking JonathanGodar/RustHangman against master#9610dfe5a9a731ced1ea4923ecbd0c57fe367898 for beta-170-4
[INFO] running `Command { std: "git" "clone" "/workspace/cache/git-repos/https%3A%2F%2Fgithub.com%2FJonathanGodar%2FRustHangman" "/workspace/builds/worker-1-tc1/source", kill_on_drop: false }`
[INFO] [stderr] Cloning into '/workspace/builds/worker-1-tc1/source'...
[INFO] [stderr] done.
[INFO] validating manifest of git repo https://github.com/JonathanGodar/RustHangman on toolchain 9610dfe5a9a731ced1ea4923ecbd0c57fe367898
[INFO] running `Command { std: CARGO_HOME="/workspace/cargo-home" RUSTUP_HOME="/workspace/rustup-home" "/workspace/cargo-home/bin/cargo" "+9610dfe5a9a731ced1ea4923ecbd0c57fe367898" "metadata" "--manifest-path" "Cargo.toml" "--no-deps", kill_on_drop: false }`
[INFO] started tweaking git repo https://github.com/JonathanGodar/RustHangman
[INFO] finished tweaking git repo https://github.com/JonathanGodar/RustHangman
[INFO] tweaked toml for git repo https://github.com/JonathanGodar/RustHangman written to /workspace/builds/worker-1-tc1/source/Cargo.toml
[INFO] crate git repo https://github.com/JonathanGodar/RustHangman already has a lockfile, it will not be regenerated
[INFO] running `Command { std: CARGO_HOME="/workspace/cargo-home" RUSTUP_HOME="/workspace/rustup-home" "/workspace/cargo-home/bin/cargo" "+9610dfe5a9a731ced1ea4923ecbd0c57fe367898" "fetch" "--manifest-path" "Cargo.toml", kill_on_drop: false }`
[INFO] [stderr]     Updating crates.io index
[INFO] [stderr]  Downloading crates ...
[INFO] [stderr]   Downloaded unicase_serde v0.1.0
[INFO] [stderr]   Downloaded cookie v0.11.5
[INFO] [stderr]   Downloaded rocket_cors v0.5.2
[INFO] [stderr]   Downloaded sorted-vec v0.7.0
[INFO] running `Command { std: "docker" "create" "-v" "/var/lib/crater-agent-workspace/builds/worker-1-tc1/target:/opt/rustwide/target:rw,Z" "-v" "/var/lib/crater-agent-workspace/builds/worker-1-tc1/source:/opt/rustwide/workdir:ro,Z" "-v" "/var/lib/crater-agent-workspace/cargo-home:/opt/rustwide/cargo-home:ro,Z" "-v" "/var/lib/crater-agent-workspace/rustup-home:/opt/rustwide/rustup-home:ro,Z" "-e" "SOURCE_DIR=/opt/rustwide/workdir" "-e" "CARGO_TARGET_DIR=/opt/rustwide/target" "-e" "CARGO_HOME=/opt/rustwide/cargo-home" "-e" "RUSTUP_HOME=/opt/rustwide/rustup-home" "-w" "/opt/rustwide/workdir" "-m" "1610612736" "--user" "0:0" "--network" "none" "ghcr.io/rust-lang/crates-build-env/linux@sha256:19e73879b68f455e41552ea35293514db52ea292d993f571636dbffedb77a1ee" "/opt/rustwide/cargo-home/bin/cargo" "+9610dfe5a9a731ced1ea4923ecbd0c57fe367898" "metadata" "--no-deps" "--format-version=1", kill_on_drop: false }`
[INFO] [stdout] e395c413fd0ff227f3bc06712230e98de28b41db009240846ec68fd3cbb8349d
[INFO] running `Command { std: "docker" "start" "-a" "e395c413fd0ff227f3bc06712230e98de28b41db009240846ec68fd3cbb8349d", kill_on_drop: false }`
[INFO] running `Command { std: "docker" "inspect" "e395c413fd0ff227f3bc06712230e98de28b41db009240846ec68fd3cbb8349d", kill_on_drop: false }`
[INFO] running `Command { std: "docker" "rm" "-f" "e395c413fd0ff227f3bc06712230e98de28b41db009240846ec68fd3cbb8349d", kill_on_drop: false }`
[INFO] [stdout] e395c413fd0ff227f3bc06712230e98de28b41db009240846ec68fd3cbb8349d
[INFO] running `Command { std: "docker" "create" "-v" "/var/lib/crater-agent-workspace/builds/worker-1-tc1/target:/opt/rustwide/target:rw,Z" "-v" "/var/lib/crater-agent-workspace/builds/worker-1-tc1/source:/opt/rustwide/workdir:ro,Z" "-v" "/var/lib/crater-agent-workspace/cargo-home:/opt/rustwide/cargo-home:ro,Z" "-v" "/var/lib/crater-agent-workspace/rustup-home:/opt/rustwide/rustup-home:ro,Z" "-e" "SOURCE_DIR=/opt/rustwide/workdir" "-e" "CARGO_TARGET_DIR=/opt/rustwide/target" "-e" "CARGO_INCREMENTAL=0" "-e" "RUST_BACKTRACE=full" "-e" "RUSTFLAGS=--cap-lints=forbid" "-e" "RUSTDOCFLAGS=--cap-lints=forbid" "-e" "CARGO_HOME=/opt/rustwide/cargo-home" "-e" "RUSTUP_HOME=/opt/rustwide/rustup-home" "-w" "/opt/rustwide/workdir" "-m" "1610612736" "--user" "0:0" "--network" "none" "ghcr.io/rust-lang/crates-build-env/linux@sha256:19e73879b68f455e41552ea35293514db52ea292d993f571636dbffedb77a1ee" "/opt/rustwide/cargo-home/bin/cargo" "+9610dfe5a9a731ced1ea4923ecbd0c57fe367898" "check" "--frozen" "--all" "--all-targets" "--message-format=json", kill_on_drop: false }`
[INFO] [stdout] 5cb9b094880eb4e3dfc0879b10d4fe5ca3dfe706979dfac59b164235c462988d
[INFO] running `Command { std: "docker" "start" "-a" "5cb9b094880eb4e3dfc0879b10d4fe5ca3dfe706979dfac59b164235c462988d", kill_on_drop: false }`
[INFO] [stderr]    Compiling libc v0.2.139
[INFO] [stderr]    Compiling proc-macro2 v1.0.51
[INFO] [stderr]    Compiling typenum v1.16.0
[INFO] [stderr]    Compiling quote v1.0.23
[INFO] [stderr]    Compiling unicode-ident v1.0.6
[INFO] [stderr]    Compiling syn v1.0.107
[INFO] [stderr]    Compiling log v0.4.17
[INFO] [stderr]    Compiling yansi v0.5.1
[INFO] [stderr]    Compiling memchr v2.5.0
[INFO] [stderr]    Compiling serde_derive v1.0.152
[INFO] [stderr]    Compiling serde v1.0.152
[INFO] [stderr]    Compiling httparse v1.8.0
[INFO] [stderr]    Compiling proc-macro2 v0.4.30
[INFO] [stderr]    Compiling futures-channel v0.3.26
[INFO] [stderr]    Compiling proc-macro2-diagnostics v0.9.1
[INFO] [stderr]    Compiling syn v0.15.44
[INFO] [stderr]    Compiling futures-core v0.3.26
[INFO] [stderr]     Checking pin-project-lite v0.2.9
[INFO] [stderr]    Compiling subtle v2.4.1
[INFO] [stderr]    Compiling bitflags v1.3.2
[INFO] [stderr]    Compiling unicase v1.4.2
[INFO] [stderr]     Checking bytes v1.4.0
[INFO] [stderr]     Checking tinyvec_macros v0.1.1
[INFO] [stderr]     Checking itoa v1.0.5
[INFO] [stderr]    Compiling pear_codegen v0.1.5
[INFO] [stderr]    Compiling slab v0.4.7
[INFO] [stderr]     Checking tinyvec v1.6.0
[INFO] [stderr]    Compiling indexmap v1.9.2
[INFO] [stderr]    Compiling tokio v1.25.0
[INFO] [stderr]    Compiling cpufeatures v0.2.5
[INFO] [stderr]    Compiling futures-task v0.3.26
[INFO] [stderr]     Checking futures-sink v0.3.26
[INFO] [stderr]     Checking percent-encoding v2.2.0
[INFO] [stderr]    Compiling time-core v0.1.0
[INFO] [stderr]    Compiling time-macros v0.2.6
[INFO] [stderr]    Compiling futures-util v0.3.26
[INFO] [stderr]     Checking hashbrown v0.12.3
[INFO] [stderr]     Checking unicode-bidi v0.3.10
[INFO] [stderr]     Checking once_cell v1.17.0
[INFO] [stderr]    Compiling quote v0.6.13
[INFO] [stderr]     Checking unicode-normalization v0.1.22
[INFO] [stderr]     Checking getrandom v0.2.8
[INFO] [stderr]     Checking num_cpus v1.15.0
[INFO] [stderr]     Checking socket2 v0.4.7
[INFO] [stderr]     Checking mio v0.8.5
[INFO] [stderr]     Checking signal-hook-registry v1.4.1
[INFO] [stderr]     Checking rand_core v0.6.4
[INFO] [stderr]     Checking tracing-core v0.1.30
[INFO] [stderr]     Checking generic-array v0.14.6
[INFO] [stderr]    Compiling cookie v0.16.2
[INFO] [stderr]    Compiling smallvec v1.10.0
[INFO] [stderr]    Compiling ref-cast v1.0.14
[INFO] [stderr]    Compiling matches v0.1.10
[INFO] [stderr]     Checking pin-utils v0.1.0
[INFO] [stderr]     Checking futures-io v0.3.26
[INFO] [stderr]    Compiling opaque-debug v0.3.0
[INFO] [stderr]    Compiling crossbeam-utils v0.8.14
[INFO] [stderr]     Checking http v0.2.8
[INFO] [stderr]     Checking tracing v0.1.37
[INFO] [stderr]    Compiling time v0.1.45
[INFO] [stderr]    Compiling log v0.3.9
[INFO] [stderr]    Compiling memoffset v0.7.1
[INFO] [stderr]     Checking crypto-common v0.1.6
[INFO] [stderr]    Compiling inout v0.1.3
[INFO] [stderr]    Compiling block-buffer v0.10.3
[INFO] [stderr]    Compiling universal-hash v0.5.0
[INFO] [stderr]    Compiling digest v0.10.6
[INFO] [stderr]     Checking cipher v0.4.3
[INFO] [stderr]    Compiling idna v0.1.5
[INFO] [stderr]    Compiling fnv v1.0.7
[INFO] [stderr]    Compiling polyval v0.6.0
[INFO] [stderr]    Compiling percent-encoding v1.0.1
[INFO] [stderr]    Compiling byteorder v1.4.3
[INFO] [stderr]    Compiling ppv-lite86 v0.2.17
[INFO] [stderr]    Compiling safemem v0.3.3
[INFO] [stderr]    Compiling hmac v0.12.1
[INFO] [stderr]    Compiling ctr v0.9.2
[INFO] [stderr]    Compiling aes v0.8.2
[INFO] [stderr]    Compiling ghash v0.5.0
[INFO] [stderr]    Compiling url v1.7.2
[INFO] [stderr]    Compiling base64 v0.9.3
[INFO] [stderr]    Compiling aead v0.5.1
[INFO] [stderr]    Compiling mime v0.2.6
[INFO] [stderr]    Compiling rand_chacha v0.3.1
[INFO] [stderr]    Compiling crossbeam-epoch v0.9.13
[INFO] [stderr]    Compiling uncased v0.9.7
[INFO] [stderr]    Compiling try-lock v0.2.4
[INFO] [stderr]    Compiling typeable v0.1.2
[INFO] [stderr]    Compiling language-tags v0.2.2
[INFO] [stderr]    Compiling glob v0.3.1
[INFO] [stderr]    Compiling traitobject v0.1.0
[INFO] [stderr]    Compiling hyper v0.10.16
[INFO] [stderr]    Compiling want v0.3.0
[INFO] [stderr]    Compiling aes-gcm v0.10.1
[INFO] [stderr]    Compiling rand v0.8.5
[INFO] [stderr]    Compiling hkdf v0.12.3
[INFO] [stderr]    Compiling sha2 v0.10.6
[INFO] [stderr]    Compiling time v0.3.17
[INFO] [stderr]    Compiling cookie v0.11.5
[INFO] [stderr]    Compiling rocket_codegen v0.4.11
[INFO] [stderr]    Compiling lock_api v0.4.9
[INFO] [stderr]    Compiling http-body v0.4.5
[INFO] [stderr]    Compiling unicase v2.6.0
[INFO] [stderr]    Compiling state v0.4.2
[INFO] [stderr]     Checking inlinable_string v0.1.15
[INFO] [stderr]    Compiling base64 v0.20.0
[INFO] [stderr]    Compiling tower-service v0.3.2
[INFO] [stderr]    Compiling httpdate v1.0.2
[INFO] [stderr]    Compiling parking_lot_core v0.9.7
[INFO] [stderr]    Compiling futures v0.3.26
[INFO] [stderr]    Compiling stable-pattern v0.1.0
[INFO] [stderr]     Checking atty v0.2.14
[INFO] [stderr]    Compiling rocket v0.4.11
[INFO] [stderr]    Compiling atomic v0.5.1
[INFO] [stderr]    Compiling figment v0.10.8
[INFO] [stderr]    Compiling multer v2.0.4
[INFO] [stderr]    Compiling state v0.5.3
[INFO] [stderr]    Compiling async-trait v0.1.64
[INFO] [stderr]    Compiling devise_core v0.2.1
[INFO] [stderr]    Compiling either v1.8.1
[INFO] [stderr]    Compiling devise_core v0.3.1
[INFO] [stderr]    Compiling serde_json v1.0.93
[INFO] [stderr]    Compiling rayon-core v1.10.2
[INFO] [stderr]     Checking unicode-xid v0.1.0
[INFO] [stderr]     Checking crossbeam-deque v0.8.2
[INFO] [stderr]     Checking crossbeam-channel v0.5.6
[INFO] [stderr]     Checking idna v0.3.0
[INFO] [stderr]     Checking form_urlencoded v1.1.0
[INFO] [stderr]     Checking aho-corasick v0.7.20
[INFO] [stderr]     Checking encoding_rs v0.8.32
[INFO] [stderr]    Compiling rocket v0.5.0-rc.2
[INFO] [stderr]     Checking remove_dir_all v0.5.3
[INFO] [stderr]     Checking spin v0.9.5
[INFO] [stderr]     Checking mime v0.3.16
[INFO] [stderr]    Compiling unicode-xid v0.2.4
[INFO] [stderr]     Checking regex-syntax v0.6.28
[INFO] [stderr]     Checking ryu v1.0.12
[INFO] [stderr]     Checking fastrand v1.8.0
[INFO] [stderr]     Checking base64 v0.13.1
[INFO] [stderr]     Checking url v2.3.1
[INFO] [stderr]     Checking parking_lot v0.12.1
[INFO] [stderr]     Checking tempfile v3.3.0
[INFO] [stderr]     Checking binascii v0.1.4
[INFO] [stderr]     Checking sorted-vec v0.7.0
[INFO] [stderr]     Checking rayon v1.6.1
[INFO] [stderr]    Compiling hyper v0.14.24
[INFO] [stderr]    Compiling tokio-macros v1.8.2
[INFO] [stderr]    Compiling pear_codegen v0.2.3
[INFO] [stderr]    Compiling ref-cast-impl v1.0.14
[INFO] [stderr]    Compiling devise_codegen v0.3.1
[INFO] [stderr]    Compiling devise_codegen v0.2.1
[INFO] [stderr]    Compiling async-stream-impl v0.3.3
[INFO] [stderr]    Compiling devise v0.2.1
[INFO] [stderr]     Checking regex v1.7.1
[INFO] [stderr]     Checking async-stream v0.3.3
[INFO] [stderr]    Compiling devise v0.3.1
[INFO] [stderr]     Checking pear v0.2.3
[INFO] [stderr]    Compiling pear v0.1.5
[INFO] [stderr]    Compiling rocket_http v0.4.11
[INFO] [stderr]    Compiling rocket_http v0.5.0-rc.2
[INFO] [stderr]    Compiling rocket_codegen v0.5.0-rc.2
[INFO] [stderr]     Checking tokio-util v0.7.7
[INFO] [stderr]     Checking tokio-stream v0.1.11
[INFO] [stderr]     Checking toml v0.5.11
[INFO] [stderr]     Checking toml v0.4.10
[INFO] [stderr]     Checking unicase_serde v0.1.0
[INFO] [stderr]     Checking ubyte v0.10.3
[INFO] [stderr]     Checking h2 v0.3.15
[INFO] [stderr]     Checking rocket_cors v0.5.2
[INFO] [stderr]     Checking hangman v0.1.0 (/opt/rustwide/workdir)
[INFO] [stdout] error[E0433]: failed to resolve: use of undeclared type `CorsOptions`
[INFO] [stdout]   --> src/main.rs:98:16
[INFO] [stdout]    |
[INFO] [stdout] 98 |     let cors = CorsOptions::default().allowed_origins(AllowedOrigins::all());
[INFO] [stdout]    |                ^^^^^^^^^^^ use of undeclared type `CorsOptions`
[INFO] [stdout]    |
[INFO] [stdout] help: consider importing this struct
[INFO] [stdout]    |
[INFO] [stdout] 1  + use rocket_cors::CorsOptions;
[INFO] [stdout]    |
[INFO] [stdout] 
[INFO] [stdout] 
[INFO] [stdout] error[E0433]: failed to resolve: use of undeclared type `AllowedOrigins`
[INFO] [stdout]   --> src/main.rs:98:55
[INFO] [stdout]    |
[INFO] [stdout] 98 |     let cors = CorsOptions::default().allowed_origins(AllowedOrigins::all());
[INFO] [stdout]    |                                                       ^^^^^^^^^^^^^^ use of undeclared type `AllowedOrigins`
[INFO] [stdout]    |
[INFO] [stdout] help: consider importing this type alias
[INFO] [stdout]    |
[INFO] [stdout] 1  + use rocket_cors::AllowedOrigins;
[INFO] [stdout]    |
[INFO] [stdout] 
[INFO] [stdout] 
[INFO] [stdout] warning: unused import: `JoinError`
[INFO] [stdout]  --> src/main.rs:5:43
[INFO] [stdout]   |
[INFO] [stdout] 5 | use rocket::tokio::task::{spawn_blocking, JoinError};
[INFO] [stdout]   |                                           ^^^^^^^^^
[INFO] [stdout]   |
[INFO] [stdout]   = note: `#[warn(unused_imports)]` on by default
[INFO] [stdout] 
[INFO] [stdout] 
[INFO] [stdout] warning: unused imports: `get`, `tokio`
[INFO] [stdout]  --> src/main.rs:6:14
[INFO] [stdout]   |
[INFO] [stdout] 6 | use rocket::{get, launch, post, routes, tokio, State};
[INFO] [stdout]   |              ^^^                        ^^^^^
[INFO] [stdout] 
[INFO] [stdout] 
[INFO] [stdout] warning: unused import: `std::io::read_to_string`
[INFO] [stdout]  --> src/main.rs:8:5
[INFO] [stdout]   |
[INFO] [stdout] 8 | use std::io::read_to_string;
[INFO] [stdout]   |     ^^^^^^^^^^^^^^^^^^^^^^^
[INFO] [stdout] 
[INFO] [stdout] 
[INFO] [stdout] warning: unused import: `std::time::Instant`
[INFO] [stdout]   --> src/main.rs:10:5
[INFO] [stdout]    |
[INFO] [stdout] 10 | use std::time::Instant;
[INFO] [stdout]    |     ^^^^^^^^^^^^^^^^^^
[INFO] [stdout] 
[INFO] [stdout] 
[INFO] [stdout] warning: unused imports: `default`, `error::Error`, `num::ParseIntError`
[INFO] [stdout]   --> src/main.rs:14:5
[INFO] [stdout]    |
[INFO] [stdout] 14 |     default,
[INFO] [stdout]    |     ^^^^^^^
[INFO] [stdout] 15 |     error::Error,
[INFO] [stdout]    |     ^^^^^^^^^^^^
[INFO] [stdout] 16 |     io::{self, Stdin},
[INFO] [stdout] 17 |     num::ParseIntError,
[INFO] [stdout]    |     ^^^^^^^^^^^^^^^^^^
[INFO] [stdout] 
[INFO] [stdout] 
[INFO] [stdout] error[E0433]: failed to resolve: use of undeclared type `CorsOptions`
[INFO] [stdout]   --> src/main.rs:98:16
[INFO] [stdout]    |
[INFO] [stdout] 98 |     let cors = CorsOptions::default().allowed_origins(AllowedOrigins::all());
[INFO] [stdout]    |                ^^^^^^^^^^^ use of undeclared type `CorsOptions`
[INFO] [stdout]    |
[INFO] [stdout] help: consider importing this struct
[INFO] [stdout]    |
[INFO] [stdout] 1  + use rocket_cors::CorsOptions;
[INFO] [stdout]    |
[INFO] [stdout] 
[INFO] [stdout] 
[INFO] [stdout] error[E0433]: failed to resolve: use of undeclared type `AllowedOrigins`
[INFO] [stdout]   --> src/main.rs:98:55
[INFO] [stdout]    |
[INFO] [stdout] 98 |     let cors = CorsOptions::default().allowed_origins(AllowedOrigins::all());
[INFO] [stdout]    |                                                       ^^^^^^^^^^^^^^ use of undeclared type `AllowedOrigins`
[INFO] [stdout]    |
[INFO] [stdout] help: consider importing this type alias
[INFO] [stdout]    |
[INFO] [stdout] 1  + use rocket_cors::AllowedOrigins;
[INFO] [stdout]    |
[INFO] [stdout] 
[INFO] [stdout] 
[INFO] [stdout] warning: unused import: `JoinError`
[INFO] [stdout]  --> src/main.rs:5:43
[INFO] [stdout]   |
[INFO] [stdout] 5 | use rocket::tokio::task::{spawn_blocking, JoinError};
[INFO] [stdout]   |                                           ^^^^^^^^^
[INFO] [stdout]   |
[INFO] [stdout]   = note: `#[warn(unused_imports)]` on by default
[INFO] [stdout] 
[INFO] [stdout] 
[INFO] [stdout] warning: unused imports: `get`, `tokio`
[INFO] [stdout]  --> src/main.rs:6:14
[INFO] [stdout]   |
[INFO] [stdout] 6 | use rocket::{get, launch, post, routes, tokio, State};
[INFO] [stdout]   |              ^^^                        ^^^^^
[INFO] [stdout] 
[INFO] [stdout] 
[INFO] [stdout] warning: unused import: `std::io::read_to_string`
[INFO] [stdout]  --> src/main.rs:8:5
[INFO] [stdout]   |
[INFO] [stdout] 8 | use std::io::read_to_string;
[INFO] [stdout]   |     ^^^^^^^^^^^^^^^^^^^^^^^
[INFO] [stdout] 
[INFO] [stdout] 
[INFO] [stdout] warning: unused import: `std::time::Instant`
[INFO] [stdout]   --> src/main.rs:10:5
[INFO] [stdout]    |
[INFO] [stdout] 10 | use std::time::Instant;
[INFO] [stdout]    |     ^^^^^^^^^^^^^^^^^^
[INFO] [stdout] 
[INFO] [stdout] 
[INFO] [stdout] warning: unused imports: `default`, `error::Error`, `num::ParseIntError`
[INFO] [stdout]   --> src/main.rs:14:5
[INFO] [stdout]    |
[INFO] [stdout] 14 |     default,
[INFO] [stdout]    |     ^^^^^^^
[INFO] [stdout] 15 |     error::Error,
[INFO] [stdout]    |     ^^^^^^^^^^^^
[INFO] [stdout] 16 |     io::{self, Stdin},
[INFO] [stdout] 17 |     num::ParseIntError,
[INFO] [stdout]    |     ^^^^^^^^^^^^^^^^^^
[INFO] [stdout] 
[INFO] [stdout] 
[INFO] [stdout] error: aborting due to 2 previous errors; 5 warnings emitted
[INFO] [stdout] 
[INFO] [stdout] 
[INFO] [stdout] For more information about this error, try `rustc --explain E0433`.
[INFO] [stdout] 
[INFO] [stderr] error: could not compile `hangman` (bin "hangman") due to 3 previous errors; 5 warnings emitted
[INFO] [stderr] warning: build failed, waiting for other jobs to finish...
[INFO] [stdout] error[E0308]: mismatched types
[INFO] [stdout]    --> src/main.rs:445:33
[INFO] [stdout]     |
[INFO] [stdout] 445 |             assert!(hm.add_clue(Clue::new('a', vec!(0))).is_ok());
[INFO] [stdout]     |                        -------- ^^^^^^^^^^^^^^^^^^^^^^^ expected `&Clue`, found `Clue`
[INFO] [stdout]     |                        |
[INFO] [stdout]     |                        arguments to this method are incorrect
[INFO] [stdout]     |
[INFO] [stdout] note: method defined here
[INFO] [stdout]    --> src/main.rs:312:12
[INFO] [stdout]     |
[INFO] [stdout] 312 |     pub fn add_clue(&mut self, clue: &Clue) -> Result<(), HangmanError> {
[INFO] [stdout]     |            ^^^^^^^^            -----------
[INFO] [stdout] help: consider borrowing here
[INFO] [stdout]     |
[INFO] [stdout] 445 |             assert!(hm.add_clue(&Clue::new('a', vec!(0))).is_ok());
[INFO] [stdout]     |                                 +
[INFO] [stdout] 
[INFO] [stdout] 
[INFO] [stdout] error[E0308]: mismatched types
[INFO] [stdout]    --> src/main.rs:453:33
[INFO] [stdout]     |
[INFO] [stdout] 453 |             assert!(hm.add_clue(Clue::new('a', vec!(0, 3))).is_ok());
[INFO] [stdout]     |                        -------- ^^^^^^^^^^^^^^^^^^^^^^^^^^ expected `&Clue`, found `Clue`
[INFO] [stdout]     |                        |
[INFO] [stdout]     |                        arguments to this method are incorrect
[INFO] [stdout]     |
[INFO] [stdout] note: method defined here
[INFO] [stdout]    --> src/main.rs:312:12
[INFO] [stdout]     |
[INFO] [stdout] 312 |     pub fn add_clue(&mut self, clue: &Clue) -> Result<(), HangmanError> {
[INFO] [stdout]     |            ^^^^^^^^            -----------
[INFO] [stdout] help: consider borrowing here
[INFO] [stdout]     |
[INFO] [stdout] 453 |             assert!(hm.add_clue(&Clue::new('a', vec!(0, 3))).is_ok());
[INFO] [stdout]     |                                 +
[INFO] [stdout] 
[INFO] [stdout] 
[INFO] [stdout] error[E0308]: mismatched types
[INFO] [stdout]    --> src/main.rs:464:33
[INFO] [stdout]     |
[INFO] [stdout] 464 |             let _ = hm.add_clue(Clue::new('a', vec![0, 1]));
[INFO] [stdout]     |                        -------- ^^^^^^^^^^^^^^^^^^^^^^^^^^ expected `&Clue`, found `Clue`
[INFO] [stdout]     |                        |
[INFO] [stdout]     |                        arguments to this method are incorrect
[INFO] [stdout]     |
[INFO] [stdout] note: method defined here
[INFO] [stdout]    --> src/main.rs:312:12
[INFO] [stdout]     |
[INFO] [stdout] 312 |     pub fn add_clue(&mut self, clue: &Clue) -> Result<(), HangmanError> {
[INFO] [stdout]     |            ^^^^^^^^            -----------
[INFO] [stdout] help: consider borrowing here
[INFO] [stdout]     |
[INFO] [stdout] 464 |             let _ = hm.add_clue(&Clue::new('a', vec![0, 1]));
[INFO] [stdout]     |                                 +
[INFO] [stdout] 
[INFO] [stdout] 
[INFO] [stdout] error[E0308]: mismatched types
[INFO] [stdout]    --> src/main.rs:466:29
[INFO] [stdout]     |
[INFO] [stdout] 466 |                 hm.add_clue(Clue::new('b', vec![1, 2])),
[INFO] [stdout]     |                    -------- ^^^^^^^^^^^^^^^^^^^^^^^^^^ expected `&Clue`, found `Clue`
[INFO] [stdout]     |                    |
[INFO] [stdout]     |                    arguments to this method are incorrect
[INFO] [stdout]     |
[INFO] [stdout] note: method defined here
[INFO] [stdout]    --> src/main.rs:312:12
[INFO] [stdout]     |
[INFO] [stdout] 312 |     pub fn add_clue(&mut self, clue: &Clue) -> Result<(), HangmanError> {
[INFO] [stdout]     |            ^^^^^^^^            -----------
[INFO] [stdout] help: consider borrowing here
[INFO] [stdout]     |
[INFO] [stdout] 466 |                 hm.add_clue(&Clue::new('b', vec![1, 2])),
[INFO] [stdout]     |                             +
[INFO] [stdout] 
[INFO] [stdout] 
[INFO] [stdout] error[E0308]: mismatched types
[INFO] [stdout]    --> src/main.rs:477:33
[INFO] [stdout]     |
[INFO] [stdout] 477 |             assert!(hm.add_clue(Clue::new('a', vec!())).is_ok());
[INFO] [stdout]     |                        -------- ^^^^^^^^^^^^^^^^^^^^^^ expected `&Clue`, found `Clue`
[INFO] [stdout]     |                        |
[INFO] [stdout]     |                        arguments to this method are incorrect
[INFO] [stdout]     |
[INFO] [stdout] note: method defined here
[INFO] [stdout]    --> src/main.rs:312:12
[INFO] [stdout]     |
[INFO] [stdout] 312 |     pub fn add_clue(&mut self, clue: &Clue) -> Result<(), HangmanError> {
[INFO] [stdout]     |            ^^^^^^^^            -----------
[INFO] [stdout] help: consider borrowing here
[INFO] [stdout]     |
[INFO] [stdout] 477 |             assert!(hm.add_clue(&Clue::new('a', vec!())).is_ok());
[INFO] [stdout]     |                                 +
[INFO] [stdout] 
[INFO] [stdout] 
[INFO] [stdout] error[E0308]: mismatched types
[INFO] [stdout]    --> src/main.rs:488:33
[INFO] [stdout]     |
[INFO] [stdout] 488 |             let _ = hm.add_clue(Clue::new('a', vec![])).is_ok();
[INFO] [stdout]     |                        -------- ^^^^^^^^^^^^^^^^^^^^^^ expected `&Clue`, found `Clue`
[INFO] [stdout]     |                        |
[INFO] [stdout]     |                        arguments to this method are incorrect
[INFO] [stdout]     |
[INFO] [stdout] note: method defined here
[INFO] [stdout]    --> src/main.rs:312:12
[INFO] [stdout]     |
[INFO] [stdout] 312 |     pub fn add_clue(&mut self, clue: &Clue) -> Result<(), HangmanError> {
[INFO] [stdout]     |            ^^^^^^^^            -----------
[INFO] [stdout] help: consider borrowing here
[INFO] [stdout]     |
[INFO] [stdout] 488 |             let _ = hm.add_clue(&Clue::new('a', vec![])).is_ok();
[INFO] [stdout]     |                                 +
[INFO] [stdout] 
[INFO] [stdout] 
[INFO] [stdout] error[E0308]: mismatched types
[INFO] [stdout]    --> src/main.rs:491:29
[INFO] [stdout]     |
[INFO] [stdout] 491 |                 hm.add_clue(Clue::new('a', vec!())),
[INFO] [stdout]     |                    -------- ^^^^^^^^^^^^^^^^^^^^^^ expected `&Clue`, found `Clue`
[INFO] [stdout]     |                    |
[INFO] [stdout]     |                    arguments to this method are incorrect
[INFO] [stdout]     |
[INFO] [stdout] note: method defined here
[INFO] [stdout]    --> src/main.rs:312:12
[INFO] [stdout]     |
[INFO] [stdout] 312 |     pub fn add_clue(&mut self, clue: &Clue) -> Result<(), HangmanError> {
[INFO] [stdout]     |            ^^^^^^^^            -----------
[INFO] [stdout] help: consider borrowing here
[INFO] [stdout]     |
[INFO] [stdout] 491 |                 hm.add_clue(&Clue::new('a', vec!())),
[INFO] [stdout]     |                             +
[INFO] [stdout] 
[INFO] [stdout] 
[INFO] [stdout] error[E0308]: mismatched types
[INFO] [stdout]    --> src/main.rs:499:33
[INFO] [stdout]     |
[INFO] [stdout] 499 |             let _ = hm.add_clue(Clue::new('a', vec![])).is_ok();
[INFO] [stdout]     |                        -------- ^^^^^^^^^^^^^^^^^^^^^^ expected `&Clue`, found `Clue`
[INFO] [stdout]     |                        |
[INFO] [stdout]     |                        arguments to this method are incorrect
[INFO] [stdout]     |
[INFO] [stdout] note: method defined here
[INFO] [stdout]    --> src/main.rs:312:12
[INFO] [stdout]     |
[INFO] [stdout] 312 |     pub fn add_clue(&mut self, clue: &Clue) -> Result<(), HangmanError> {
[INFO] [stdout]     |            ^^^^^^^^            -----------
[INFO] [stdout] help: consider borrowing here
[INFO] [stdout]     |
[INFO] [stdout] 499 |             let _ = hm.add_clue(&Clue::new('a', vec![])).is_ok();
[INFO] [stdout]     |                                 +
[INFO] [stdout] 
[INFO] [stdout] 
[INFO] [stdout] error[E0308]: mismatched types
[INFO] [stdout]    --> src/main.rs:502:29
[INFO] [stdout]     |
[INFO] [stdout] 502 |                 hm.add_clue(Clue::new('a', vec!(0, 1))),
[INFO] [stdout]     |                    -------- ^^^^^^^^^^^^^^^^^^^^^^^^^^ expected `&Clue`, found `Clue`
[INFO] [stdout]     |                    |
[INFO] [stdout]     |                    arguments to this method are incorrect
[INFO] [stdout]     |
[INFO] [stdout] note: method defined here
[INFO] [stdout]    --> src/main.rs:312:12
[INFO] [stdout]     |
[INFO] [stdout] 312 |     pub fn add_clue(&mut self, clue: &Clue) -> Result<(), HangmanError> {
[INFO] [stdout]     |            ^^^^^^^^            -----------
[INFO] [stdout] help: consider borrowing here
[INFO] [stdout]     |
[INFO] [stdout] 502 |                 hm.add_clue(&Clue::new('a', vec!(0, 1))),
[INFO] [stdout]     |                             +
[INFO] [stdout] 
[INFO] [stdout] 
[INFO] [stdout] error: aborting due to 11 previous errors; 5 warnings emitted
[INFO] [stdout] 
[INFO] [stdout] 
[INFO] [stdout] Some errors have detailed explanations: E0308, E0433.
[INFO] [stdout] 
[INFO] [stdout] For more information about an error, try `rustc --explain E0308`.
[INFO] [stdout] 
[INFO] [stderr] error: could not compile `hangman` (bin "hangman" test) due to 12 previous errors; 5 warnings emitted
[INFO] running `Command { std: "docker" "inspect" "5cb9b094880eb4e3dfc0879b10d4fe5ca3dfe706979dfac59b164235c462988d", kill_on_drop: false }`
[INFO] running `Command { std: "docker" "rm" "-f" "5cb9b094880eb4e3dfc0879b10d4fe5ca3dfe706979dfac59b164235c462988d", kill_on_drop: false }`
[INFO] [stdout] 5cb9b094880eb4e3dfc0879b10d4fe5ca3dfe706979dfac59b164235c462988d
